{"id":353,"date":"2018-07-27T10:51:10","date_gmt":"2018-07-27T08:51:10","guid":{"rendered":"http:\/\/clm-inclusiva.org\/?page_id=11"},"modified":"2019-06-28T16:46:51","modified_gmt":"2019-06-28T14:46:51","slug":"junta-directiva","status":"publish","type":"page","link":"https:\/\/clm-inclusiva.org\/?page_id=353","title":{"rendered":"\u00d3rganos de Gobierno"},"content":{"rendered":"<p>[et_pb_section fb_built=&#8221;1&#8243; _builder_version=&#8221;3.22.4&#8243; custom_padding=&#8221;13px|||||&#8221;][et_pb_row custom_padding=&#8221;12px||0px|||&#8221; custom_margin=&#8221;-2px|auto|-4px|auto||&#8221; _builder_version=&#8221;3.25&#8243;][et_pb_column type=&#8221;4_4&#8243; _builder_version=&#8221;3.25&#8243; custom_padding=&#8221;|||&#8221; custom_padding__hover=&#8221;|||&#8221;][et_pb_blurb title=&#8221;\u00d3rganos de Gobierno&#8221; use_icon=&#8221;on&#8221; font_icon=&#8221;%%131%%&#8221; content_max_width=&#8221;950px&#8221; _builder_version=&#8221;3.25.3&#8243; header_level=&#8221;h1&#8243; header_font=&#8221;||||||||&#8221; header_text_align=&#8221;center&#8221; header_line_height=&#8221;1.7em&#8221; header_text_shadow_style=&#8221;preset2&#8243; body_font=&#8221;||||||||&#8221; body_text_align=&#8221;justify&#8221; body_font_size=&#8221;16px&#8221; custom_margin=&#8221;15px|15px|15px|15px|true|true&#8221; custom_padding=&#8221;15px|15px|15px|15px|true|true&#8221;]<\/p>\n<div class=\"wpb_text_column wpb_content_element \">\n<div class=\"wpb_wrapper\">\n<p style=\"text-align: justify;\">CLM-Inclusiva se rige por el sistema de autogobierno y los principios de representaci\u00f3n y funcionamiento democr\u00e1tico. Bajo el principio de democracia paritaria, se esfuerza en buscar el equilibrio de g\u00e9nero en la provisi\u00f3n de los cargos sociales y en la composici\u00f3n de los \u00f3rganos de Gobierno hasta conseguir la paridad.<\/p>\n<h2>\u00d3RGANOS DE GOBIERNO:<\/h2>\n<p>&nbsp;<\/p>\n<\/div>\n<\/div>\n<div class=\"wpb_text_column wpb_content_element \">\n<div class=\"wpb_wrapper\">\n<blockquote>\n<h3>ASAMBLEA GENERAL<\/h3>\n<p>Es el m\u00e1ximo \u00f3rgano de gobierno de CLM-Inclusiva, y est\u00e1 integrado por representantes de todas las entidades miembros de la Confederaci\u00f3n y se re\u00fane, al menos, una vez al a\u00f1o con car\u00e1cter ordinario.<\/p>\n<\/blockquote>\n<p style=\"padding-left: 60px;\"><a href=\"http:\/\/clm-inclusiva.org\/?page_id=1132\" target=\"\u201d_blank\u201d\" rel=\"noopener noreferrer\">Ver Entidades miembros<\/a><\/p>\n<\/div>\n<\/div>\n<div class=\"wpb_text_column wpb_content_element \">\n<div class=\"wpb_wrapper\">\n<blockquote>\n<h3>JUNTA DIRECTIVA:<\/h3>\n<p>Elegida por la Asamblea, es el \u00f3rgano ejecutivo de CLM-Inclusiva que dirige y aplica las l\u00edneas generales de actuaci\u00f3n previamente aprobadas por la Asamblea General.<\/p>\n<\/blockquote>\n<\/div>\n<\/div>\n<div class=\"gem-table gem-table-responsive gem-table-style-2\">\n<table width=\"309\" height=\"538\">\n<thead>\n<tr>\n<th style=\"width: 132.708px;\">\n<h6><strong>CARGO<\/strong><\/h6>\n<\/th>\n<th style=\"width: 164.931px;\">\n<h6>APELLIDOS Y NOMBRE DEL TITULAR<\/h6>\n<\/th>\n<\/tr>\n<\/thead>\n<tbody>\n<tr>\n<td style=\"width: 132.708px;\"><strong>Presidencia<\/strong><\/td>\n<td style=\"width: 164.931px;\">Enrique Alarc\u00f3n Garc\u00eda<\/td>\n<\/tr>\n<tr>\n<td style=\"width: 132.708px;\"><strong>Vicepresidencia<\/strong><\/td>\n<td style=\"width: 164.931px;\">\u00c1ngel S\u00e1nchez L\u00f3pez<\/td>\n<\/tr>\n<tr>\n<td style=\"width: 132.708px;\"><strong>Vicepresidencia<\/strong><\/td>\n<td style=\"width: 164.931px;\">Marcelino Escobar Armero<\/td>\n<\/tr>\n<tr>\n<td style=\"width: 132.708px;\"><strong>Vicepresidencia<\/strong><\/td>\n<td style=\"width: 164.931px;\">Jos\u00e9 Ram\u00f3n Garc\u00eda Izquierdo<\/td>\n<\/tr>\n<tr>\n<td style=\"width: 132.708px;\"><strong>Vicepresidencia<\/strong><\/td>\n<td style=\"width: 164.931px;\">Angel Pablo Sendarrubias S\u00e1nchez<\/td>\n<\/tr>\n<tr>\n<td style=\"width: 132.708px;\"><strong>Secretar\u00eda General<\/strong><\/td>\n<td style=\"width: 164.931px;\">Francisco Javier Cebri\u00e1n C\u00f3rdoba<\/td>\n<\/tr>\n<tr>\n<td style=\"width: 132.708px;\"><strong>Secretar\u00eda Finanzas<\/strong><\/td>\n<td style=\"width: 164.931px;\">Encarnaci\u00f3n Rodr\u00edguez C\u00e1ceres<\/td>\n<\/tr>\n<tr>\n<td style=\"width: 132.708px;\"><strong>Vocal<\/strong><\/td>\n<td style=\"width: 164.931px;\">Antonio Acebal Mi\u00f1ano<\/td>\n<\/tr>\n<tr>\n<td style=\"width: 132.708px;\"><strong>Vocal<\/strong><\/td>\n<td style=\"width: 164.931px;\">Ana Quintanilla Garc\u00eda<\/td>\n<\/tr>\n<tr>\n<td style=\"width: 132.708px;\"><strong>Vocal<\/strong><\/td>\n<td style=\"width: 164.931px;\">Maria Antonia Rodr\u00edguez C\u00e1ceres<\/td>\n<\/tr>\n<tr>\n<td style=\"width: 132.708px;\"><strong>Vocal<\/strong><\/td>\n<td style=\"width: 164.931px;\">Francisco Javier Bartolom\u00e9 De Gracia<\/td>\n<\/tr>\n<tr>\n<td style=\"width: 132.708px;\"><strong>Vocal<\/strong><\/td>\n<td style=\"width: 164.931px;\">Ana Utrillas Torres<\/td>\n<\/tr>\n<\/tbody>\n<\/table>\n<\/div>\n<p>[\/et_pb_blurb][\/et_pb_column][\/et_pb_row][\/et_pb_section]<\/p>\n","protected":false},"excerpt":{"rendered":"<p>[et_pb_section fb_built=&#8221;1&#8243; _builder_version=&#8221;3.22.4&#8243; custom_padding=&#8221;13px|||||&#8221;][et_pb_row custom_padding=&#8221;12px||0px|||&#8221; custom_margin=&#8221;-2px|auto|-4px|auto||&#8221; _builder_version=&#8221;3.25&#8243;][et_pb_column type=&#8221;4_4&#8243; _builder_version=&#8221;3.25&#8243; custom_padding=&#8221;|||&#8221; custom_padding__hover=&#8221;|||&#8221;][et_pb_blurb title=&#8221;\u00d3rganos de Gobierno&#8221; use_icon=&#8221;on&#8221; font_icon=&#8221;%%131%%&#8221; content_max_width=&#8221;950px&#8221; _builder_version=&#8221;3.25.3&#8243; header_level=&#8221;h1&#8243; header_font=&#8221;||||||||&#8221; header_text_align=&#8221;center&#8221; header_line_height=&#8221;1.7em&#8221; header_text_shadow_style=&#8221;preset2&#8243; body_font=&#8221;||||||||&#8221; body_text_align=&#8221;justify&#8221; body_font_size=&#8221;16px&#8221; custom_margin=&#8221;15px|15px|15px|15px|true|true&#8221; custom_padding=&#8221;15px|15px|15px|15px|true|true&#8221;] CLM-Inclusiva se rige por el sistema de autogobierno y los principios de representaci\u00f3n y funcionamiento democr\u00e1tico. Bajo el principio de democracia paritaria, se esfuerza en buscar el [&hellip;]<\/p>\n","protected":false},"author":1,"featured_media":0,"parent":0,"menu_order":0,"comment_status":"closed","ping_status":"closed","template":"","meta":{"_et_pb_use_builder":"on","_et_pb_old_content":"[responsivevoice_button voice=\"Spanish Female\" buttontext=\"Reproducir\"]\n<img class=\"alignnone size-medium wp-image-12 aligncenter\" src=\"http:\/\/127.0.0.1\/wordpress\/wp-content\/uploads\/2018\/07\/junta-direct9iva-2-300x165.jpg\" alt=\"\" width=\"300\" height=\"165\" \/>","_et_gb_content_width":"","footnotes":""},"yoast_head":"<!-- This site is optimized with the Yoast SEO plugin v21.3 - https:\/\/yoast.com\/wordpress\/plugins\/seo\/ -->\n<title>\u00d3rganos de Gobierno - Clm-Inclusiva<\/title>\n<meta name=\"robots\" content=\"index, follow, max-snippet:-1, max-image-preview:large, max-video-preview:-1\" \/>\n<link rel=\"canonical\" href=\"https:\/\/clm-inclusiva.org\/?page_id=353\" \/>\n<meta property=\"og:locale\" content=\"es_ES\" \/>\n<meta property=\"og:type\" content=\"article\" \/>\n<meta property=\"og:title\" content=\"\u00d3rganos de Gobierno - Clm-Inclusiva\" \/>\n<meta property=\"og:description\" content=\"[et_pb_section fb_built=&#8221;1&#8243; _builder_version=&#8221;3.22.4&#8243; custom_padding=&#8221;13px|||||&#8221;][et_pb_row custom_padding=&#8221;12px||0px|||&#8221; custom_margin=&#8221;-2px|auto|-4px|auto||&#8221; _builder_version=&#8221;3.25&#8243;][et_pb_column type=&#8221;4_4&#8243; _builder_version=&#8221;3.25&#8243; custom_padding=&#8221;|||&#8221; custom_padding__hover=&#8221;|||&#8221;][et_pb_blurb title=&#8221;\u00d3rganos de Gobierno&#8221; use_icon=&#8221;on&#8221; font_icon=&#8221;&#8221; content_max_width=&#8221;950px&#8221; _builder_version=&#8221;3.25.3&#8243; header_level=&#8221;h1&#8243; header_font=&#8221;||||||||&#8221; header_text_align=&#8221;center&#8221; header_line_height=&#8221;1.7em&#8221; header_text_shadow_style=&#8221;preset2&#8243; body_font=&#8221;||||||||&#8221; body_text_align=&#8221;justify&#8221; body_font_size=&#8221;16px&#8221; custom_margin=&#8221;15px|15px|15px|15px|true|true&#8221; custom_padding=&#8221;15px|15px|15px|15px|true|true&#8221;] CLM-Inclusiva se rige por el sistema de autogobierno y los principios de representaci\u00f3n y funcionamiento democr\u00e1tico. Bajo el principio de democracia paritaria, se esfuerza en buscar el [&hellip;]\" \/>\n<meta property=\"og:url\" content=\"https:\/\/clm-inclusiva.org\/?page_id=353\" \/>\n<meta property=\"og:site_name\" content=\"Clm-Inclusiva\" \/>\n<meta property=\"article:publisher\" content=\"https:\/\/www.facebook.com\/castillalamancha.inclusiva\/\" \/>\n<meta property=\"article:modified_time\" content=\"2019-06-28T14:46:51+00:00\" \/>\n<meta name=\"twitter:card\" content=\"summary_large_image\" \/>\n<meta name=\"twitter:site\" content=\"@ClmInclusiva\" \/>\n<meta name=\"twitter:label1\" content=\"Tiempo de lectura\" \/>\n\t<meta name=\"twitter:data1\" content=\"2 minutos\" \/>\n<script type=\"application\/ld+json\" class=\"yoast-schema-graph\">{\"@context\":\"https:\/\/schema.org\",\"@graph\":[{\"@type\":\"WebPage\",\"@id\":\"https:\/\/clm-inclusiva.org\/?page_id=353\",\"url\":\"https:\/\/clm-inclusiva.org\/?page_id=353\",\"name\":\"\u00d3rganos de Gobierno - Clm-Inclusiva\",\"isPartOf\":{\"@id\":\"https:\/\/clm-inclusiva.org\/#website\"},\"datePublished\":\"2018-07-27T08:51:10+00:00\",\"dateModified\":\"2019-06-28T14:46:51+00:00\",\"breadcrumb\":{\"@id\":\"https:\/\/clm-inclusiva.org\/?page_id=353#breadcrumb\"},\"inLanguage\":\"es\",\"potentialAction\":[{\"@type\":\"ReadAction\",\"target\":[\"https:\/\/clm-inclusiva.org\/?page_id=353\"]}]},{\"@type\":\"BreadcrumbList\",\"@id\":\"https:\/\/clm-inclusiva.org\/?page_id=353#breadcrumb\",\"itemListElement\":[{\"@type\":\"ListItem\",\"position\":1,\"name\":\"Portada\",\"item\":\"https:\/\/clm-inclusiva.org\/\"},{\"@type\":\"ListItem\",\"position\":2,\"name\":\"\u00d3rganos de Gobierno\"}]},{\"@type\":\"WebSite\",\"@id\":\"https:\/\/clm-inclusiva.org\/#website\",\"url\":\"https:\/\/clm-inclusiva.org\/\",\"name\":\"Clm-Inclusiva\",\"description\":\"Confederaci\u00f3n de entidades de personas con discapacidad f\u00edsica y org\u00e1nica CLM\",\"publisher\":{\"@id\":\"https:\/\/clm-inclusiva.org\/#organization\"},\"potentialAction\":[{\"@type\":\"SearchAction\",\"target\":{\"@type\":\"EntryPoint\",\"urlTemplate\":\"https:\/\/clm-inclusiva.org\/?s={search_term_string}\"},\"query-input\":\"required name=search_term_string\"}],\"inLanguage\":\"es\"},{\"@type\":\"Organization\",\"@id\":\"https:\/\/clm-inclusiva.org\/#organization\",\"name\":\"Clm-Inclusiva\",\"url\":\"https:\/\/clm-inclusiva.org\/\",\"logo\":{\"@type\":\"ImageObject\",\"inLanguage\":\"es\",\"@id\":\"https:\/\/clm-inclusiva.org\/#\/schema\/logo\/image\/\",\"url\":\"http:\/\/clm-inclusiva.org\/wp-content\/uploads\/2019\/04\/banner-e1533720812836.jpg\",\"contentUrl\":\"http:\/\/clm-inclusiva.org\/wp-content\/uploads\/2019\/04\/banner-e1533720812836.jpg\",\"width\":600,\"height\":332,\"caption\":\"Clm-Inclusiva\"},\"image\":{\"@id\":\"https:\/\/clm-inclusiva.org\/#\/schema\/logo\/image\/\"},\"sameAs\":[\"https:\/\/www.facebook.com\/castillalamancha.inclusiva\/\",\"https:\/\/twitter.com\/ClmInclusiva\"]}]}<\/script>\n<!-- \/ Yoast SEO plugin. -->","yoast_head_json":{"title":"\u00d3rganos de Gobierno - Clm-Inclusiva","robots":{"index":"index","follow":"follow","max-snippet":"max-snippet:-1","max-image-preview":"max-image-preview:large","max-video-preview":"max-video-preview:-1"},"canonical":"https:\/\/clm-inclusiva.org\/?page_id=353","og_locale":"es_ES","og_type":"article","og_title":"\u00d3rganos de Gobierno - Clm-Inclusiva","og_description":"[et_pb_section fb_built=&#8221;1&#8243; _builder_version=&#8221;3.22.4&#8243; custom_padding=&#8221;13px|||||&#8221;][et_pb_row custom_padding=&#8221;12px||0px|||&#8221; custom_margin=&#8221;-2px|auto|-4px|auto||&#8221; _builder_version=&#8221;3.25&#8243;][et_pb_column type=&#8221;4_4&#8243; _builder_version=&#8221;3.25&#8243; custom_padding=&#8221;|||&#8221; custom_padding__hover=&#8221;|||&#8221;][et_pb_blurb title=&#8221;\u00d3rganos de Gobierno&#8221; use_icon=&#8221;on&#8221; font_icon=&#8221;&#8221; content_max_width=&#8221;950px&#8221; _builder_version=&#8221;3.25.3&#8243; header_level=&#8221;h1&#8243; header_font=&#8221;||||||||&#8221; header_text_align=&#8221;center&#8221; header_line_height=&#8221;1.7em&#8221; header_text_shadow_style=&#8221;preset2&#8243; body_font=&#8221;||||||||&#8221; body_text_align=&#8221;justify&#8221; body_font_size=&#8221;16px&#8221; custom_margin=&#8221;15px|15px|15px|15px|true|true&#8221; custom_padding=&#8221;15px|15px|15px|15px|true|true&#8221;] CLM-Inclusiva se rige por el sistema de autogobierno y los principios de representaci\u00f3n y funcionamiento democr\u00e1tico. Bajo el principio de democracia paritaria, se esfuerza en buscar el [&hellip;]","og_url":"https:\/\/clm-inclusiva.org\/?page_id=353","og_site_name":"Clm-Inclusiva","article_publisher":"https:\/\/www.facebook.com\/castillalamancha.inclusiva\/","article_modified_time":"2019-06-28T14:46:51+00:00","twitter_card":"summary_large_image","twitter_site":"@ClmInclusiva","twitter_misc":{"Tiempo de lectura":"2 minutos"},"schema":{"@context":"https:\/\/schema.org","@graph":[{"@type":"WebPage","@id":"https:\/\/clm-inclusiva.org\/?page_id=353","url":"https:\/\/clm-inclusiva.org\/?page_id=353","name":"\u00d3rganos de Gobierno - Clm-Inclusiva","isPartOf":{"@id":"https:\/\/clm-inclusiva.org\/#website"},"datePublished":"2018-07-27T08:51:10+00:00","dateModified":"2019-06-28T14:46:51+00:00","breadcrumb":{"@id":"https:\/\/clm-inclusiva.org\/?page_id=353#breadcrumb"},"inLanguage":"es","potentialAction":[{"@type":"ReadAction","target":["https:\/\/clm-inclusiva.org\/?page_id=353"]}]},{"@type":"BreadcrumbList","@id":"https:\/\/clm-inclusiva.org\/?page_id=353#breadcrumb","itemListElement":[{"@type":"ListItem","position":1,"name":"Portada","item":"https:\/\/clm-inclusiva.org\/"},{"@type":"ListItem","position":2,"name":"\u00d3rganos de Gobierno"}]},{"@type":"WebSite","@id":"https:\/\/clm-inclusiva.org\/#website","url":"https:\/\/clm-inclusiva.org\/","name":"Clm-Inclusiva","description":"Confederaci\u00f3n de entidades de personas con discapacidad f\u00edsica y org\u00e1nica CLM","publisher":{"@id":"https:\/\/clm-inclusiva.org\/#organization"},"potentialAction":[{"@type":"SearchAction","target":{"@type":"EntryPoint","urlTemplate":"https:\/\/clm-inclusiva.org\/?s={search_term_string}"},"query-input":"required name=search_term_string"}],"inLanguage":"es"},{"@type":"Organization","@id":"https:\/\/clm-inclusiva.org\/#organization","name":"Clm-Inclusiva","url":"https:\/\/clm-inclusiva.org\/","logo":{"@type":"ImageObject","inLanguage":"es","@id":"https:\/\/clm-inclusiva.org\/#\/schema\/logo\/image\/","url":"http:\/\/clm-inclusiva.org\/wp-content\/uploads\/2019\/04\/banner-e1533720812836.jpg","contentUrl":"http:\/\/clm-inclusiva.org\/wp-content\/uploads\/2019\/04\/banner-e1533720812836.jpg","width":600,"height":332,"caption":"Clm-Inclusiva"},"image":{"@id":"https:\/\/clm-inclusiva.org\/#\/schema\/logo\/image\/"},"sameAs":["https:\/\/www.facebook.com\/castillalamancha.inclusiva\/","https:\/\/twitter.com\/ClmInclusiva"]}]}},"_links":{"self":[{"href":"https:\/\/clm-inclusiva.org\/index.php?rest_route=\/wp\/v2\/pages\/353"}],"collection":[{"href":"https:\/\/clm-inclusiva.org\/index.php?rest_route=\/wp\/v2\/pages"}],"about":[{"href":"https:\/\/clm-inclusiva.org\/index.php?rest_route=\/wp\/v2\/types\/page"}],"author":[{"embeddable":true,"href":"https:\/\/clm-inclusiva.org\/index.php?rest_route=\/wp\/v2\/users\/1"}],"replies":[{"embeddable":true,"href":"https:\/\/clm-inclusiva.org\/index.php?rest_route=%2Fwp%2Fv2%2Fcomments&post=353"}],"version-history":[{"count":13,"href":"https:\/\/clm-inclusiva.org\/index.php?rest_route=\/wp\/v2\/pages\/353\/revisions"}],"predecessor-version":[{"id":2585,"href":"https:\/\/clm-inclusiva.org\/index.php?rest_route=\/wp\/v2\/pages\/353\/revisions\/2585"}],"wp:attachment":[{"href":"https:\/\/clm-inclusiva.org\/index.php?rest_route=%2Fwp%2Fv2%2Fmedia&parent=353"}],"curies":[{"name":"wp","href":"https:\/\/api.w.org\/{rel}","templated":true}]}}