{"id":1162,"date":"2019-04-22T08:21:26","date_gmt":"2019-04-22T08:21:26","guid":{"rendered":"http:\/\/127.0.0.1\/wordpress\/?page_id=1162"},"modified":"2019-05-28T22:41:53","modified_gmt":"2019-05-28T22:41:53","slug":"noticias","status":"publish","type":"page","link":"https:\/\/clm-inclusiva.org\/?page_id=1162","title":{"rendered":"Noticias"},"content":{"rendered":"<p>[et_pb_section fb_built=&#8221;1&#8243; _builder_version=&#8221;3.22.4&#8243; custom_padding=&#8221;0px|||||&#8221;][et_pb_row _builder_version=&#8221;3.22.4&#8243;][et_pb_column type=&#8221;4_4&#8243; _builder_version=&#8221;3.22.4&#8243;][et_pb_blog fullwidth=&#8221;off&#8221; posts_number=&#8221;6&#8243; show_more=&#8221;on&#8221; show_comments=&#8221;on&#8221; use_overlay=&#8221;on&#8221; _builder_version=&#8221;3.23.3&#8243; header_font=&#8221;||||||||&#8221; meta_font=&#8221;||||||||&#8221; pagination_font=&#8221;||||||||&#8221; border_radii=&#8221;|30px|||&#8221; border_width_right=&#8221;3px&#8221; border_color_right=&#8221;#ea6900&#8243; border_width_bottom=&#8221;3px&#8221; border_color_bottom=&#8221;#1119a3&#8243; border_radii_image=&#8221;on|0px|0px|0px|0px&#8221; box_shadow_style=&#8221;preset1&#8243; custom_margin=&#8221;15px|||||&#8221; custom_padding=&#8221;4px|||||&#8221;][\/et_pb_blog][\/et_pb_column][\/et_pb_row][\/et_pb_section]<\/p>\n","protected":false},"excerpt":{"rendered":"<p>[et_pb_section fb_built=&#8221;1&#8243; _builder_version=&#8221;3.22.4&#8243; custom_padding=&#8221;0px|||||&#8221;][et_pb_row _builder_version=&#8221;3.22.4&#8243;][et_pb_column type=&#8221;4_4&#8243; _builder_version=&#8221;3.22.4&#8243;][et_pb_blog fullwidth=&#8221;off&#8221; posts_number=&#8221;6&#8243; show_more=&#8221;on&#8221; show_comments=&#8221;on&#8221; use_overlay=&#8221;on&#8221; _builder_version=&#8221;3.23.3&#8243; header_font=&#8221;||||||||&#8221; meta_font=&#8221;||||||||&#8221; pagination_font=&#8221;||||||||&#8221; border_radii=&#8221;|30px|||&#8221; border_width_right=&#8221;3px&#8221; border_color_right=&#8221;#ea6900&#8243; border_width_bottom=&#8221;3px&#8221; border_color_bottom=&#8221;#1119a3&#8243; border_radii_image=&#8221;on|0px|0px|0px|0px&#8221; box_shadow_style=&#8221;preset1&#8243; custom_margin=&#8221;15px|||||&#8221; custom_padding=&#8221;4px|||||&#8221;][\/et_pb_blog][\/et_pb_column][\/et_pb_row][\/et_pb_section]<\/p>\n","protected":false},"author":1,"featured_media":0,"parent":0,"menu_order":0,"comment_status":"closed","ping_status":"closed","template":"","meta":{"_et_pb_use_builder":"on","_et_pb_old_content":"","_et_gb_content_width":"","footnotes":""},"yoast_head":"<!-- This site is optimized with the Yoast SEO plugin v21.3 - https:\/\/yoast.com\/wordpress\/plugins\/seo\/ -->\n<title>Noticias - Clm-Inclusiva<\/title>\n<meta name=\"robots\" content=\"index, follow, max-snippet:-1, max-image-preview:large, max-video-preview:-1\" \/>\n<link rel=\"canonical\" href=\"https:\/\/clm-inclusiva.org\/?page_id=1162\" \/>\n<meta property=\"og:locale\" content=\"es_ES\" \/>\n<meta property=\"og:type\" content=\"article\" \/>\n<meta property=\"og:title\" content=\"Noticias - Clm-Inclusiva\" \/>\n<meta property=\"og:description\" content=\"[et_pb_section fb_built=&#8221;1&#8243; _builder_version=&#8221;3.22.4&#8243; custom_padding=&#8221;0px|||||&#8221;][et_pb_row _builder_version=&#8221;3.22.4&#8243;][et_pb_column type=&#8221;4_4&#8243; _builder_version=&#8221;3.22.4&#8243;][et_pb_blog fullwidth=&#8221;off&#8221; posts_number=&#8221;6&#8243; show_more=&#8221;on&#8221; show_comments=&#8221;on&#8221; use_overlay=&#8221;on&#8221; _builder_version=&#8221;3.23.3&#8243; header_font=&#8221;||||||||&#8221; meta_font=&#8221;||||||||&#8221; pagination_font=&#8221;||||||||&#8221; border_radii=&#8221;|30px|||&#8221; border_width_right=&#8221;3px&#8221; border_color_right=&#8221;#ea6900&#8243; border_width_bottom=&#8221;3px&#8221; border_color_bottom=&#8221;#1119a3&#8243; border_radii_image=&#8221;on|0px|0px|0px|0px&#8221; box_shadow_style=&#8221;preset1&#8243; custom_margin=&#8221;15px|||||&#8221; custom_padding=&#8221;4px|||||&#8221;][\/et_pb_blog][\/et_pb_column][\/et_pb_row][\/et_pb_section]\" \/>\n<meta property=\"og:url\" content=\"https:\/\/clm-inclusiva.org\/?page_id=1162\" \/>\n<meta property=\"og:site_name\" content=\"Clm-Inclusiva\" \/>\n<meta property=\"article:publisher\" content=\"https:\/\/www.facebook.com\/castillalamancha.inclusiva\/\" \/>\n<meta property=\"article:modified_time\" content=\"2019-05-28T22:41:53+00:00\" \/>\n<meta name=\"twitter:card\" content=\"summary_large_image\" \/>\n<meta name=\"twitter:site\" content=\"@ClmInclusiva\" \/>\n<script type=\"application\/ld+json\" class=\"yoast-schema-graph\">{\"@context\":\"https:\/\/schema.org\",\"@graph\":[{\"@type\":\"WebPage\",\"@id\":\"https:\/\/clm-inclusiva.org\/?page_id=1162\",\"url\":\"https:\/\/clm-inclusiva.org\/?page_id=1162\",\"name\":\"Noticias - Clm-Inclusiva\",\"isPartOf\":{\"@id\":\"https:\/\/clm-inclusiva.org\/#website\"},\"datePublished\":\"2019-04-22T08:21:26+00:00\",\"dateModified\":\"2019-05-28T22:41:53+00:00\",\"breadcrumb\":{\"@id\":\"https:\/\/clm-inclusiva.org\/?page_id=1162#breadcrumb\"},\"inLanguage\":\"es\",\"potentialAction\":[{\"@type\":\"ReadAction\",\"target\":[\"https:\/\/clm-inclusiva.org\/?page_id=1162\"]}]},{\"@type\":\"BreadcrumbList\",\"@id\":\"https:\/\/clm-inclusiva.org\/?page_id=1162#breadcrumb\",\"itemListElement\":[{\"@type\":\"ListItem\",\"position\":1,\"name\":\"Portada\",\"item\":\"https:\/\/clm-inclusiva.org\/\"},{\"@type\":\"ListItem\",\"position\":2,\"name\":\"Noticias\"}]},{\"@type\":\"WebSite\",\"@id\":\"https:\/\/clm-inclusiva.org\/#website\",\"url\":\"https:\/\/clm-inclusiva.org\/\",\"name\":\"Clm-Inclusiva\",\"description\":\"Confederaci\u00f3n de entidades de personas con discapacidad f\u00edsica y org\u00e1nica CLM\",\"publisher\":{\"@id\":\"https:\/\/clm-inclusiva.org\/#organization\"},\"potentialAction\":[{\"@type\":\"SearchAction\",\"target\":{\"@type\":\"EntryPoint\",\"urlTemplate\":\"https:\/\/clm-inclusiva.org\/?s={search_term_string}\"},\"query-input\":\"required name=search_term_string\"}],\"inLanguage\":\"es\"},{\"@type\":\"Organization\",\"@id\":\"https:\/\/clm-inclusiva.org\/#organization\",\"name\":\"Clm-Inclusiva\",\"url\":\"https:\/\/clm-inclusiva.org\/\",\"logo\":{\"@type\":\"ImageObject\",\"inLanguage\":\"es\",\"@id\":\"https:\/\/clm-inclusiva.org\/#\/schema\/logo\/image\/\",\"url\":\"http:\/\/clm-inclusiva.org\/wp-content\/uploads\/2019\/04\/banner-e1533720812836.jpg\",\"contentUrl\":\"http:\/\/clm-inclusiva.org\/wp-content\/uploads\/2019\/04\/banner-e1533720812836.jpg\",\"width\":600,\"height\":332,\"caption\":\"Clm-Inclusiva\"},\"image\":{\"@id\":\"https:\/\/clm-inclusiva.org\/#\/schema\/logo\/image\/\"},\"sameAs\":[\"https:\/\/www.facebook.com\/castillalamancha.inclusiva\/\",\"https:\/\/twitter.com\/ClmInclusiva\"]}]}<\/script>\n<!-- \/ Yoast SEO plugin. -->","yoast_head_json":{"title":"Noticias - Clm-Inclusiva","robots":{"index":"index","follow":"follow","max-snippet":"max-snippet:-1","max-image-preview":"max-image-preview:large","max-video-preview":"max-video-preview:-1"},"canonical":"https:\/\/clm-inclusiva.org\/?page_id=1162","og_locale":"es_ES","og_type":"article","og_title":"Noticias - Clm-Inclusiva","og_description":"[et_pb_section fb_built=&#8221;1&#8243; _builder_version=&#8221;3.22.4&#8243; custom_padding=&#8221;0px|||||&#8221;][et_pb_row _builder_version=&#8221;3.22.4&#8243;][et_pb_column type=&#8221;4_4&#8243; _builder_version=&#8221;3.22.4&#8243;][et_pb_blog fullwidth=&#8221;off&#8221; posts_number=&#8221;6&#8243; show_more=&#8221;on&#8221; show_comments=&#8221;on&#8221; use_overlay=&#8221;on&#8221; _builder_version=&#8221;3.23.3&#8243; header_font=&#8221;||||||||&#8221; meta_font=&#8221;||||||||&#8221; pagination_font=&#8221;||||||||&#8221; border_radii=&#8221;|30px|||&#8221; border_width_right=&#8221;3px&#8221; border_color_right=&#8221;#ea6900&#8243; border_width_bottom=&#8221;3px&#8221; border_color_bottom=&#8221;#1119a3&#8243; border_radii_image=&#8221;on|0px|0px|0px|0px&#8221; box_shadow_style=&#8221;preset1&#8243; custom_margin=&#8221;15px|||||&#8221; custom_padding=&#8221;4px|||||&#8221;][\/et_pb_blog][\/et_pb_column][\/et_pb_row][\/et_pb_section]","og_url":"https:\/\/clm-inclusiva.org\/?page_id=1162","og_site_name":"Clm-Inclusiva","article_publisher":"https:\/\/www.facebook.com\/castillalamancha.inclusiva\/","article_modified_time":"2019-05-28T22:41:53+00:00","twitter_card":"summary_large_image","twitter_site":"@ClmInclusiva","schema":{"@context":"https:\/\/schema.org","@graph":[{"@type":"WebPage","@id":"https:\/\/clm-inclusiva.org\/?page_id=1162","url":"https:\/\/clm-inclusiva.org\/?page_id=1162","name":"Noticias - Clm-Inclusiva","isPartOf":{"@id":"https:\/\/clm-inclusiva.org\/#website"},"datePublished":"2019-04-22T08:21:26+00:00","dateModified":"2019-05-28T22:41:53+00:00","breadcrumb":{"@id":"https:\/\/clm-inclusiva.org\/?page_id=1162#breadcrumb"},"inLanguage":"es","potentialAction":[{"@type":"ReadAction","target":["https:\/\/clm-inclusiva.org\/?page_id=1162"]}]},{"@type":"BreadcrumbList","@id":"https:\/\/clm-inclusiva.org\/?page_id=1162#breadcrumb","itemListElement":[{"@type":"ListItem","position":1,"name":"Portada","item":"https:\/\/clm-inclusiva.org\/"},{"@type":"ListItem","position":2,"name":"Noticias"}]},{"@type":"WebSite","@id":"https:\/\/clm-inclusiva.org\/#website","url":"https:\/\/clm-inclusiva.org\/","name":"Clm-Inclusiva","description":"Confederaci\u00f3n de entidades de personas con discapacidad f\u00edsica y org\u00e1nica CLM","publisher":{"@id":"https:\/\/clm-inclusiva.org\/#organization"},"potentialAction":[{"@type":"SearchAction","target":{"@type":"EntryPoint","urlTemplate":"https:\/\/clm-inclusiva.org\/?s={search_term_string}"},"query-input":"required name=search_term_string"}],"inLanguage":"es"},{"@type":"Organization","@id":"https:\/\/clm-inclusiva.org\/#organization","name":"Clm-Inclusiva","url":"https:\/\/clm-inclusiva.org\/","logo":{"@type":"ImageObject","inLanguage":"es","@id":"https:\/\/clm-inclusiva.org\/#\/schema\/logo\/image\/","url":"http:\/\/clm-inclusiva.org\/wp-content\/uploads\/2019\/04\/banner-e1533720812836.jpg","contentUrl":"http:\/\/clm-inclusiva.org\/wp-content\/uploads\/2019\/04\/banner-e1533720812836.jpg","width":600,"height":332,"caption":"Clm-Inclusiva"},"image":{"@id":"https:\/\/clm-inclusiva.org\/#\/schema\/logo\/image\/"},"sameAs":["https:\/\/www.facebook.com\/castillalamancha.inclusiva\/","https:\/\/twitter.com\/ClmInclusiva"]}]}},"_links":{"self":[{"href":"https:\/\/clm-inclusiva.org\/index.php?rest_route=\/wp\/v2\/pages\/1162"}],"collection":[{"href":"https:\/\/clm-inclusiva.org\/index.php?rest_route=\/wp\/v2\/pages"}],"about":[{"href":"https:\/\/clm-inclusiva.org\/index.php?rest_route=\/wp\/v2\/types\/page"}],"author":[{"embeddable":true,"href":"https:\/\/clm-inclusiva.org\/index.php?rest_route=\/wp\/v2\/users\/1"}],"replies":[{"embeddable":true,"href":"https:\/\/clm-inclusiva.org\/index.php?rest_route=%2Fwp%2Fv2%2Fcomments&post=1162"}],"version-history":[{"count":61,"href":"https:\/\/clm-inclusiva.org\/index.php?rest_route=\/wp\/v2\/pages\/1162\/revisions"}],"predecessor-version":[{"id":2257,"href":"https:\/\/clm-inclusiva.org\/index.php?rest_route=\/wp\/v2\/pages\/1162\/revisions\/2257"}],"wp:attachment":[{"href":"https:\/\/clm-inclusiva.org\/index.php?rest_route=%2Fwp%2Fv2%2Fmedia&parent=1162"}],"curies":[{"name":"wp","href":"https:\/\/api.w.org\/{rel}","templated":true}]}}

<!-- This site is optimized with the Yoast SEO plugin v21.3 - https://yoast.com/wordpress/plugins/seo/ -->
<title>Noticias - Clm-Inclusiva</title>
<meta name="robots" content="index, follow, max-snippet:-1, max-image-preview:large, max-video-preview:-1" />
<link rel="canonical" href="https://clm-inclusiva.org/?page_id=1162" />
<meta property="og:locale" content="es_ES" />
<meta property="og:type" content="article" />
<meta property="og:title" content="Noticias - Clm-Inclusiva" />
<meta property="og:description" content="[et_pb_section fb_built=&#8221;1&#8243; _builder_version=&#8221;3.22.4&#8243; custom_padding=&#8221;0px|||||&#8221;][et_pb_row _builder_version=&#8221;3.22.4&#8243;][et_pb_column type=&#8221;4_4&#8243; _builder_version=&#8221;3.22.4&#8243;][et_pb_blog fullwidth=&#8221;off&#8221; posts_number=&#8221;6&#8243; show_more=&#8221;on&#8221; show_comments=&#8221;on&#8221; use_overlay=&#8221;on&#8221; _builder_version=&#8221;3.23.3&#8243; header_font=&#8221;||||||||&#8221; meta_font=&#8221;||||||||&#8221; pagination_font=&#8221;||||||||&#8221; border_radii=&#8221;|30px|||&#8221; border_width_right=&#8221;3px&#8221; border_color_right=&#8221;#ea6900&#8243; border_width_bottom=&#8221;3px&#8221; border_color_bottom=&#8221;#1119a3&#8243; border_radii_image=&#8221;on|0px|0px|0px|0px&#8221; box_shadow_style=&#8221;preset1&#8243; custom_margin=&#8221;15px|||||&#8221; custom_padding=&#8221;4px|||||&#8221;][/et_pb_blog][/et_pb_column][/et_pb_row][/et_pb_section]" />
<meta property="og:url" content="https://clm-inclusiva.org/?page_id=1162" />
<meta property="og:site_name" content="Clm-Inclusiva" />
<meta property="article:publisher" content="https://www.facebook.com/castillalamancha.inclusiva/" />
<meta property="article:modified_time" content="2019-05-28T22:41:53+00:00" />
<meta name="twitter:card" content="summary_large_image" />
<meta name="twitter:site" content="@ClmInclusiva" />
<script type="application/ld+json" class="yoast-schema-graph">{"@context":"https://schema.org","@graph":[{"@type":"WebPage","@id":"https://clm-inclusiva.org/?page_id=1162","url":"https://clm-inclusiva.org/?page_id=1162","name":"Noticias - Clm-Inclusiva","isPartOf":{"@id":"https://clm-inclusiva.org/#website"},"datePublished":"2019-04-22T08:21:26+00:00","dateModified":"2019-05-28T22:41:53+00:00","breadcrumb":{"@id":"https://clm-inclusiva.org/?page_id=1162#breadcrumb"},"inLanguage":"es","potentialAction":[{"@type":"ReadAction","target":["https://clm-inclusiva.org/?page_id=1162"]}]},{"@type":"BreadcrumbList","@id":"https://clm-inclusiva.org/?page_id=1162#breadcrumb","itemListElement":[{"@type":"ListItem","position":1,"name":"Portada","item":"https://clm-inclusiva.org/"},{"@type":"ListItem","position":2,"name":"Noticias"}]},{"@type":"WebSite","@id":"https://clm-inclusiva.org/#website","url":"https://clm-inclusiva.org/","name":"Clm-Inclusiva","description":"Confederación de entidades de personas con discapacidad física y orgánica CLM","publisher":{"@id":"https://clm-inclusiva.org/#organization"},"potentialAction":[{"@type":"SearchAction","target":{"@type":"EntryPoint","urlTemplate":"https://clm-inclusiva.org/?s={search_term_string}"},"query-input":"required name=search_term_string"}],"inLanguage":"es"},{"@type":"Organization","@id":"https://clm-inclusiva.org/#organization","name":"Clm-Inclusiva","url":"https://clm-inclusiva.org/","logo":{"@type":"ImageObject","inLanguage":"es","@id":"https://clm-inclusiva.org/#/schema/logo/image/","url":"http://clm-inclusiva.org/wp-content/uploads/2019/04/banner-e1533720812836.jpg","contentUrl":"http://clm-inclusiva.org/wp-content/uploads/2019/04/banner-e1533720812836.jpg","width":600,"height":332,"caption":"Clm-Inclusiva"},"image":{"@id":"https://clm-inclusiva.org/#/schema/logo/image/"},"sameAs":["https://www.facebook.com/castillalamancha.inclusiva/","https://twitter.com/ClmInclusiva"]}]}</script>
<!-- / Yoast SEO plugin. -->

Confederación de entidades de personas con discapacidad física y orgánica CLM
